2?
-d12
In base 6, what is 2 - 4231?
-4225
In base 10, what is -1264 - 1?
-1265
In base 16, what is a + 17a?
184
In base 15, what is -20 - 3?
-23
In base 16, what is -4 - -24?
20
In base 4, what is 3 - -321110?
321113
In base 4, what is 1 - 230?
-223
In base 9, what is -524 + 34?
-480
In base 14, what is -32 - 9?
-3b
In base 3, what is -12 - 10211?
-11000
In base 5, what is 230 - -2?
232
In base 9, what is -162 + 34?
-127
In base 9, what is 310 - 3?
306
In base 13, what is 15 + -12?
3
In base 10, what is -44 + -8?
-52
In base 3, what is 102112 + 201?
110020
In base 3, what is -112 + 12?
-100
In base 8, what is 6323 - 2?
6321
In base 13, what is -2 + -82?
-84
In base 10, what is -37996 + 1?
-37995
In base 13, what is 0 - -148?
148
In base 7, what is -222 - -11?
-211
In base 15, what is 27 - -b?
33
In base 16, what is 17f - -2?
181
In base 10, what is -8 - 36?
-44
In base 4, what is -11 - -322?
311
In base 12, what is -9 + 97?
8a
In base 2, what is -10 - 11011000?
-11011010
In base 13, what is 2 + 11b9?
11bb
In base 10, what is -1 + 7?
6
In base 8, what is 1 + 347?
350
In base 16, what is -ba + -3?
-bd
In base 11, what is -25 - -37?
12
In base 15, what is -4 - 23d?
-242
In base 12, what is -1020 + 4?
-1018
In base 4, what is -23011 + 100?
-22311
In base 9, what is 3 - -22?
25
In base 5, what is 22 - -43?
120
In base 7, what is 1403 - 4?
1366
In base 4, what is 11102 - -10?
11112
In base 3, what is -1101 + -10001?
-11102
In base 16, what is -1 - 12?
-13
In base 8, what is -1462 + 1?
-1461
In base 16, what is -5 - -265?
260
In base 12, what is -2b7 - 37?
-332
In base 2, what is -100 + 10100011?
10011111
In base 10, what is 73 + 9?
82
In base 14, what is -11d - 0?
-11d
In base 8, what is -37 + 405?
346
In base 14, what is -6bd - -3?
-6ba
In base 9, what is -2 - 7468?
-7471
In base 4, what is 1 + -103?
-102
In base 6, what is -1 + -4242?
-4243
In base 15, what is 5 - -380?
385
In base 16, what is -79 + 5?
-74
In base 14, what is 3 - -48?
4b
In base 2, what is 10 + 0?
10
In base 12, what is 2a - 119?
-ab
In base 14, what is -776 - -2?
-774
In base 2, what is 1 - 1111111?
-1111110
In base 4, what is -333 - -3202?
2203
In base 12, what is -7 + 5a8?
5a1
In base 8, what is -1111 + 3?
-1106
In base 5, what is 31 - 11103?
-11022
In base 8, what is -6446 + 3?
-6443
In base 16, what is -e66d - 4?
-e671
In base 3, what is -11202 + -1?
-11210
In base 13, what is 4 + -1c?
-18
In base 6, what is 0 + 20314?
20314
In base 13, what is -6c4 - -3?
-6c1
In base 16, what is -5 + -40?
-45
In base 11, what is 30 + 270?
2a0
In base 4, what is 1002 - 212?
130
In base 4, what is -23 - -1030?
1001
In base 11, what is 54 - -5?
59
In base 11, what is 796 + -1?
795
In base 12, what is -7 + 1b?
14
In base 8, what is 1263 + -13?
1250
In base 16, what is 4 + -51b?
-517
In base 15, what is -2 - 24?
-26
In base 6, what is -5 + 23?
14
In base 9, what is 0 - 34?
-34
In base 4, what is -122 + -1221?
-2003
In base 2, what is -11110 - -10?
-11100
In base 4, what is -3 + -1301?
-1310
In base 7, what is -5 - -1435?
1430
In base 10, what is 15 - -28?
43
In base 16, what is 65d - 4?
659
In base 4, what is 1 + -1333023?
-1333022
In base 7, what is -3 - 14060?
-14063
In base 12, what is 0 - -10?
10
In base 14, what is -5 + -67a?
-681
In base 8, what is 5 - 411?
-404
In base 9, what is 2 - 6304?
-6302
In base 10, what is 1879 - 0?
1879
In base 8, what is 3435 + 3?
3440
In base 10, what is -7 + 683?
676
In base 5, what is 1 + 201?
202
In base 2, what is 1101000111011 + 0?
1101000111011
In base 5, what is 221134 + -3?
221131
In base 5, what is 10432 + 0?
10432
In base 9, what is -5867 + 3?
-5864
In base 4, what is -13 + -1330?
-2003
In base 6, what is 0 + 12?
12
In base 7, what is -311 + -2?
-313
In base 11, what is 0 - 3a6?
-3a6
In base 8, what is 63 + 23?
106
In base 12, what is 12 + -16?
-4
In base 4, what is 1 - 1121?
-1120
In base 6, what is 3355 - 3?
3352
In base 5, what is 221310 + -10?
221300
In base 12, what is -8 - -82?
76
In base 15, what is a - -163?
16d
In base 10, what is -3 + -2631?
-2634
In base 12, what is -2 + -84?
-86
In base 3, what is -20 + 20?
0
In base 12, what is -6 + -17?
-21
In base 6, what is 435 + 12?
451
In base 2, what is 110 - 1110011?
-1101101
In base 8, what is 2 - -110?
112
In base 9, what is 6203 - 0?
6203
In base 8, what is -413 - -4?
-407
In base 13, what is 79 + a5?
151
In base 13, what is 527 + 3?
52a
In base 16, what is f + 115?
124
In base 9, what is 1 - 1334?
-1333
In base 11, what is 13 - a0?
-88
In base 10, what is 222 + -7?
215
In base 2, what is 101101101011 + 10?
101101101101
In base 12, what is 16b + 85?
234
In base 3, what is 210 - 110?
100
In base 12, what is -5 + -951?
-956
In base 3, what is -12221 + -12?
-20010
In base 12, what is -9a + 0?
-9a
In base 5, what is 200 - -11?
211
In base 6, what is 330 - 3?
323
In base 11, what is -35 - -79?
44
In base 5, what is -221334 + 3?
-221331
In base 3, what is -2100 - 12111?
-21211
In base 2, what is 100111000 + 10?
100111010
In base 12, what is -12397 + 5?
-12392
In base 8, what is -1 + -72?
-73
In base 4, what is 12 + 23?
101
In base 13, what is 90 - b?
82
In base 4, what is 103031 + 0?
103031
In base 10, what is -18 - 19?
-37
In base 14, what is -a3 - 3?
-a6
In base 2, what is 1000 - 1011110110?
-1011101110
In base 11, what is -1 - 1338?
-1339
In base 7, what is 66 + -62?
4
In base 13, what is -21 + 1?
-20
In base 13, what is 2 - -73a?
73c
In base 7, what is 30 + -11?
16
In base 7, what is 1 - -1151?
1152
In base 12, what is -5a + 10?
-4a
In base 10, what is 4 + 18?
22
In base 2, what is 0 + 10011011011?
10011011011
In base 10, what is -2 - -1210?
1208
In base 11, what is -183 - 57?
-22a
In base 15, what is -c + 218?
20b
In base 4, what is 113 + -11?
102
In base 2, what is -100000 - -10?
-11110
In base 14, what is 50 - -a?
5a
In base 3, what is -102 - -1221?
1112
In base 8, what is 127 - -62?
211
In base 7, what is -3660 - 4?
-3664
In base 13, what is -9 - 26?
-32
In base 6, what is -235 + -1?
-240
In base 13, what is 4 + -1062?
-105b
In base 14, what is -1a - 38?
-54
In base 4, what is 123 - 3?
120
In base 14, what is 31 + 2d?
60
In base 16, what is 3141 - 4?
313d
In base 11, what is 17a + 2?
181
In base 4, what is 0 - 103022?
-103022
In base 9, what is -260 + 40?
-220
In base 12, what is 119 - -5?
122
In base 5, what is -23 + -124?
-202
In base 9, what is 211 + -6?
204
In base 13, what is -13 + -4?
-17
In base 6, what is -1230 + -1?
-1231
In base 16, what is -2 - 325?
-327
In base 3, what is -2111 + -10100?
-12211
In base 16, what is f8b - -1?
f8c
In base 13, what is -13 - -14?
1
In base 11, what is -192 + 16?
-177
In base 2, what is 1010 - 10?
1000
In base 11, what is -3 - 15a3?
-15a6
In base 14, what is 3 + -19?
-16
In base 3, what is 10011 + 10?
10021
In base 15, what is -b + -a6?
-b2
In base 12, what is 3b - 4?
37
In base 7, what is -1521 - 0?
-1521
In base 11, what is -5 - -117?
112
In base 10, what is 3 - -208?
211
In base 16, what is -1 + -3db?
-3dc
In base 10, what is -4 + -1066?
-1070
In base 4, what is 12313 - -3?
12322
In base 7, what is -1110 - 12?
-1122
In base 13, what is -1b + -51?
-6c
In base 16, what is -27 + 3?
-24
In base 16, what is -4 + 39d?
399
In base 6, what is -121 - 1?
-122
In base 9, what is 2753 - -4?
2757
In base 15, what is -5 + 1c?
17
In base 4, what is 11 - 11212?
-11201
In base 2, what is 10001101 - 11?
10001010
In base 2, what is 10 + 100?
110
In base 11, what is -46 - -3?
-43
In base 2, what is -10110 - -100001?
1011
In base 13, what is 2 - -26?
28
In base 6, what is -115 - -31?
-44
In base 11, what is -19a + -2?
-1a1
In base 13, what is 448c + 0?
448c
In base 2, what is -110111100 + -1110?
-111001010
In base 2, what is -110 - -111?
1
In base 16, what is -37 - 3?
-3a
In base 16, what is 5 - -a8d?
a92
In base 11, what is -234 + 2a?
-205
In base 13, what is 3 - -ba2?
ba5
In base 4, what is 3330 - -2?
3332
In base 14, what is -6 + -27a?
-282
In base 15, what is -2 + 984?
982
In base 15, what is 5 + -1bc?
-1b7
In base 13, what is b1 + -3?
ab
In base 4, what is 31 - -320?
1011
In base 2, what is 10 - -101?
111
In base 14, what is -a - -14?
8
In base 14, what is -ad2 + -5?
-ad7
In base 2, what is -10100100101 + -10?
-10100100111
In base 5, what is -1413 + 2?
-1411
In